{"id":15802,"date":"2023-07-25T14:28:26","date_gmt":"2023-07-25T14:28:26","guid":{"rendered":"https:\/\/borderjogos.suprahub.com.br\/?post_type=product&#038;p=15802"},"modified":"2023-07-26T15:41:09","modified_gmt":"2023-07-26T15:41:09","slug":"amigos-de-merda","status":"publish","type":"product","link":"https:\/\/borderjogos.suprahub.com.br\/?product=amigos-de-merda","title":{"rendered":"Amigos de Merda"},"content":{"rendered":"<p class=\"p1\"><b>Idade: <\/b>18+<\/p>\n<p class=\"p1\"><b>Tempo: <\/b>15 min<\/p>\n<p class=\"p1\"><b>Jogadores: <\/b>3 a 21<\/p>\n<p class=\"p1\"><b>Idioma: <\/b>Portugu\u00eas<\/p>\n<p class=\"p3\">Algu\u00e9m puxa uma carta e faz uma pergunta. Todos os outros imediatamente apontam para quem eles acham que &#8220;cumpre&#8221; perfeitamente os requisitos da pergunta. O mais votado ganha! Aquele que ganhar 5 vezes \u00e9 coroado o AMIGO DE MERDA!<\/p>\n<p class=\"p3\"><b>Amigos de Merda<\/b> \u00e9 o jogo ideal para festas, bares, sociais, casamentos, vel\u00f3rios, protestos sociais, impeachments e, praticamente, qualquer ocasi\u00e3o onde acabar com amizades seja uma op\u00e7\u00e3o.<\/p>\n<p class=\"p3\">Inclui cartas de pergunta, um manual de regras para amigos n\u00e3o analfabetos, 1 carta de coroa pra princeses e princesos e uma expans\u00e3o completa&#8230; SACANA com perguntas que v\u00e3o te levar pra cama&#8230; &#8230;pra chorar ou n\u00e3o!<span class=\"Apple-converted-space\">\u00a0<\/span><\/p>\n<p class=\"p4\"><b>Componentes:<span class=\"Apple-converted-space\">\u00a0<\/span><\/b><\/p>\n<ul class=\"ul1\">\n<li class=\"li5\">110 cartas.<span class=\"Apple-converted-space\">\u00a0<\/span><\/li>\n<li class=\"li6\">Manual de regras<\/li>\n<\/ul>\n","protected":false},"excerpt":{"rendered":"<p>Algu\u00e9m puxa uma carta e faz uma pergunta. Todos os outros imediatamente apontam para quem eles acham que &#8220;cumpre&#8221; perfeitamente os requisitos da pergunta. O mais votado ganha! Aquele que ganhar 5 vezes \u00e9 coroado o AMIGO DE MERDA!<\/p>\n","protected":false},"featured_media":15804,"comment_status":"open","ping_status":"closed","template":"","meta":[],"product_cat":[86,90,76,83,88,74,77],"product_tag":[],"class_list":{"0":"post-15802","1":"product","2":"type-product","3":"status-publish","4":"has-post-thumbnail","6":"product_cat-86","7":"product_cat-buro","8":"product_cat-card-games-cartas","9":"product_cat-cooperativos","10":"product_cat-editoras","11":"product_cat-jogos","12":"product_cat-party-games","14":"first","15":"instock","16":"sale","17":"shipping-taxable","18":"purchasable","19":"product-type-simple"},"_links":{"self":[{"href":"https:\/\/borderjogos.suprahub.com.br\/index.php?rest_route=\/wp\/v2\/product\/15802","targetHints":{"allow":["GET"]}}],"collection":[{"href":"https:\/\/borderjogos.suprahub.com.br\/index.php?rest_route=\/wp\/v2\/product"}],"about":[{"href":"https:\/\/borderjogos.suprahub.com.br\/index.php?rest_route=\/wp\/v2\/types\/product"}],"replies":[{"embeddable":true,"href":"https:\/\/borderjogos.suprahub.com.br\/index.php?rest_route=%2Fwp%2Fv2%2Fcomments&post=15802"}],"version-history":[{"count":1,"href":"https:\/\/borderjogos.suprahub.com.br\/index.php?rest_route=\/wp\/v2\/product\/15802\/revisions"}],"predecessor-version":[{"id":15805,"href":"https:\/\/borderjogos.suprahub.com.br\/index.php?rest_route=\/wp\/v2\/product\/15802\/revisions\/15805"}],"wp:featuredmedia":[{"embeddable":true,"href":"https:\/\/borderjogos.suprahub.com.br\/index.php?rest_route=\/wp\/v2\/media\/15804"}],"wp:attachment":[{"href":"https:\/\/borderjogos.suprahub.com.br\/index.php?rest_route=%2Fwp%2Fv2%2Fmedia&parent=15802"}],"wp:term":[{"taxonomy":"product_cat","embeddable":true,"href":"https:\/\/borderjogos.suprahub.com.br\/index.php?rest_route=%2Fwp%2Fv2%2Fproduct_cat&post=15802"},{"taxonomy":"product_tag","embeddable":true,"href":"https:\/\/borderjogos.suprahub.com.br\/index.php?rest_route=%2Fwp%2Fv2%2Fproduct_tag&post=15802"}],"curies":[{"name":"wp","href":"https:\/\/api.w.org\/{rel}","templated":true}]}}