{"id":15810,"date":"2023-07-25T16:57:21","date_gmt":"2023-07-25T16:57:21","guid":{"rendered":"https:\/\/borderjogos.suprahub.com.br\/?post_type=product&#038;p=15810"},"modified":"2023-07-26T15:42:13","modified_gmt":"2023-07-26T15:42:13","slug":"cala-a-boca-e-bebe-logo","status":"publish","type":"product","link":"https:\/\/borderjogos.suprahub.com.br\/?product=cala-a-boca-e-bebe-logo","title":{"rendered":"Cala a Boca e Bebe Logo"},"content":{"rendered":"<p class=\"p1\"><b>Idade: <\/b>18+<\/p>\n<p class=\"p1\"><b>Tempo: <\/b>15 min<\/p>\n<p class=\"p1\"><b>Jogadores: <\/b>3 a 8<\/p>\n<p class=\"p1\"><b>Idioma: <\/b>Portugu\u00eas<\/p>\n<p class=\"p2\">Um jogo em que voc\u00ea passa o problema para os outros. Como tudo na vida \u00af\\_(\u30c4)_\/\u00af<\/p>\n<p class=\"p4\">Em Cala a Boca e Bebe Logo ganha quem beber menos, logo voc\u00ea N\u00c3O quer beber! Para n\u00e3o beber, voc\u00ea precisa fazer os outros beberem. Para fazer os outros beberem, voc\u00ea precisa jogar cartas que fa\u00e7am o outro beber. Se voc\u00ea n\u00e3o tiver como passar a bebida para outro jogador, bem&#8230; CALA A BOCA E BEBE LOGO!Tudo muito simples, com as regras mais claras do que um copo de cacha\u00e7&#8230; \u00e1gua.<\/p>\n<p class=\"p5\"><b>Componentes:<span class=\"Apple-converted-space\">\u00a0<\/span><\/b><\/p>\n<p class=\"p6\"><b>Componentes:<span class=\"Apple-converted-space\">\u00a0<\/span><\/b><\/p>\n<ul class=\"ul1\">\n<li class=\"li7\">50 cartas<\/li>\n<li class=\"li8\">1 folheto de regras<\/li>\n<\/ul>\n<p class=\"p9\">Sleeves recomendado: <span class=\"s1\">50 Sleeves Tamanho <\/span><span class=\"s2\"><b>USA (56X87MM)<span class=\"Apple-converted-space\">\u00a0<\/span><\/b><\/span><\/p>\n","protected":false},"excerpt":{"rendered":"<p>Um jogo em que voc\u00ea passa o problema para os outros. Como tudo na vida \u00af\\_(\u30c4)_\/\u00af<\/p>\n","protected":false},"featured_media":15812,"comment_status":"open","ping_status":"closed","template":"","meta":[],"product_cat":[86,90,76,83,88,74,77],"product_tag":[],"class_list":{"0":"post-15810","1":"product","2":"type-product","3":"status-publish","4":"has-post-thumbnail","6":"product_cat-86","7":"product_cat-buro","8":"product_cat-card-games-cartas","9":"product_cat-cooperativos","10":"product_cat-editoras","11":"product_cat-jogos","12":"product_cat-party-games","14":"first","15":"instock","16":"sale","17":"shipping-taxable","18":"purchasable","19":"product-type-simple"},"_links":{"self":[{"href":"https:\/\/borderjogos.suprahub.com.br\/index.php?rest_route=\/wp\/v2\/product\/15810","targetHints":{"allow":["GET"]}}],"collection":[{"href":"https:\/\/borderjogos.suprahub.com.br\/index.php?rest_route=\/wp\/v2\/product"}],"about":[{"href":"https:\/\/borderjogos.suprahub.com.br\/index.php?rest_route=\/wp\/v2\/types\/product"}],"replies":[{"embeddable":true,"href":"https:\/\/borderjogos.suprahub.com.br\/index.php?rest_route=%2Fwp%2Fv2%2Fcomments&post=15810"}],"version-history":[{"count":1,"href":"https:\/\/borderjogos.suprahub.com.br\/index.php?rest_route=\/wp\/v2\/product\/15810\/revisions"}],"predecessor-version":[{"id":15813,"href":"https:\/\/borderjogos.suprahub.com.br\/index.php?rest_route=\/wp\/v2\/product\/15810\/revisions\/15813"}],"wp:featuredmedia":[{"embeddable":true,"href":"https:\/\/borderjogos.suprahub.com.br\/index.php?rest_route=\/wp\/v2\/media\/15812"}],"wp:attachment":[{"href":"https:\/\/borderjogos.suprahub.com.br\/index.php?rest_route=%2Fwp%2Fv2%2Fmedia&parent=15810"}],"wp:term":[{"taxonomy":"product_cat","embeddable":true,"href":"https:\/\/borderjogos.suprahub.com.br\/index.php?rest_route=%2Fwp%2Fv2%2Fproduct_cat&post=15810"},{"taxonomy":"product_tag","embeddable":true,"href":"https:\/\/borderjogos.suprahub.com.br\/index.php?rest_route=%2Fwp%2Fv2%2Fproduct_tag&post=15810"}],"curies":[{"name":"wp","href":"https:\/\/api.w.org\/{rel}","templated":true}]}}