{"id":15814,"date":"2023-07-25T17:02:29","date_gmt":"2023-07-25T17:02:29","guid":{"rendered":"https:\/\/borderjogos.suprahub.com.br\/?post_type=product&#038;p=15814"},"modified":"2023-07-26T15:43:11","modified_gmt":"2023-07-26T15:43:11","slug":"cangaco","status":"publish","type":"product","link":"https:\/\/borderjogos.suprahub.com.br\/?product=cangaco","title":{"rendered":"Canga\u00e7o"},"content":{"rendered":"<p class=\"p1\"><b>Idade: <\/b>12+<\/p>\n<p class=\"p1\"><b>Tempo: <\/b>30 min<\/p>\n<p class=\"p1\"><b>Jogadores: <\/b>2 a 4<\/p>\n<p class=\"p1\"><b>Idioma: <\/b>Portugu\u00eas<\/p>\n<p class=\"p2\">Retorne \u00e0 \u00e9poca do canga\u00e7o e monte o mais tem\u00edvel bando de cangaceiros para dominar o Sert\u00e3o!<\/p>\n<p class=\"p2\">O vento quente e seco de inverno do sert\u00e3o levanta uma nuvem de poeira enquanto um carcar\u00e1 esfomeado sobrevoa os c\u00e9us em busca de uma presa qualquer. Voc\u00ea e seu bando percorrem o terreno repleto de \u00e1rvores retorcidas e espinhosas atr\u00e1s do bando rival que assaltou a vila de Canind\u00e9, no dia de ontem.<\/p>\n<p class=\"p2\">Uma guerra est\u00e1 para come\u00e7ar. H\u00e1 comida, cacha\u00e7a e muni\u00e7\u00e3o para conquistar. Voc\u00ea precisa apagar os rastros para que os macacos da volante n\u00e3o os alcancem. Voc\u00ea precisa de comida, precisa de poder, e principalmente, sobreviver!<\/p>\n<p class=\"p2\">Canga\u00e7o \u00e9 um jogo de cartas para 2 a 4 jogadores onde voc\u00ea forma e administra um bando de cangaceiros enquanto tenta atingir a supremacia do sert\u00e3o, atrapalhando a forma\u00e7\u00e3o e o poderio de bandos rivais. Atrav\u00e9s da sele\u00e7\u00e3o de cartas e por tr\u00eas esta\u00e7\u00f5es, os jogadores formar\u00e3o seus bandos procurando atingir os objetivos do jogo e acumular o maior n\u00famero de pontos para vencer no final.<\/p>\n<p class=\"p2\"><b>Componentes:<\/b><\/p>\n<ul class=\"ul1\">\n<li class=\"li3\">97 Cartas de canga\u00e7o<\/li>\n<li class=\"li3\">3 Cartas de esta\u00e7\u00e3o<\/li>\n<li class=\"li3\">20 Cartas de cordel<\/li>\n<li class=\"li3\">90 Marcadores de Recursos<\/li>\n<li class=\"li4\">1 Manual de Regras<\/li>\n<\/ul>\n","protected":false},"excerpt":{"rendered":"<p class=\"p1\">Retorne \u00e0 \u00e9poca do canga\u00e7o e monte o mais tem\u00edvel bando de cangaceiros para dominar o Sert\u00e3o!<\/p>\n","protected":false},"featured_media":15817,"comment_status":"open","ping_status":"closed","template":"","meta":[],"product_cat":[90,76,82,80],"product_tag":[],"class_list":{"0":"post-15814","1":"product","2":"type-product","3":"status-publish","4":"has-post-thumbnail","6":"product_cat-buro","7":"product_cat-card-games-cartas","8":"product_cat-competitivos","9":"product_cat-jogos-familia","11":"first","12":"instock","13":"sale","14":"shipping-taxable","15":"purchasable","16":"product-type-simple"},"_links":{"self":[{"href":"https:\/\/borderjogos.suprahub.com.br\/index.php?rest_route=\/wp\/v2\/product\/15814","targetHints":{"allow":["GET"]}}],"collection":[{"href":"https:\/\/borderjogos.suprahub.com.br\/index.php?rest_route=\/wp\/v2\/product"}],"about":[{"href":"https:\/\/borderjogos.suprahub.com.br\/index.php?rest_route=\/wp\/v2\/types\/product"}],"replies":[{"embeddable":true,"href":"https:\/\/borderjogos.suprahub.com.br\/index.php?rest_route=%2Fwp%2Fv2%2Fcomments&post=15814"}],"version-history":[{"count":1,"href":"https:\/\/borderjogos.suprahub.com.br\/index.php?rest_route=\/wp\/v2\/product\/15814\/revisions"}],"predecessor-version":[{"id":15821,"href":"https:\/\/borderjogos.suprahub.com.br\/index.php?rest_route=\/wp\/v2\/product\/15814\/revisions\/15821"}],"wp:featuredmedia":[{"embeddable":true,"href":"https:\/\/borderjogos.suprahub.com.br\/index.php?rest_route=\/wp\/v2\/media\/15817"}],"wp:attachment":[{"href":"https:\/\/borderjogos.suprahub.com.br\/index.php?rest_route=%2Fwp%2Fv2%2Fmedia&parent=15814"}],"wp:term":[{"taxonomy":"product_cat","embeddable":true,"href":"https:\/\/borderjogos.suprahub.com.br\/index.php?rest_route=%2Fwp%2Fv2%2Fproduct_cat&post=15814"},{"taxonomy":"product_tag","embeddable":true,"href":"https:\/\/borderjogos.suprahub.com.br\/index.php?rest_route=%2Fwp%2Fv2%2Fproduct_tag&post=15814"}],"curies":[{"name":"wp","href":"https:\/\/api.w.org\/{rel}","templated":true}]}}