{"id":15830,"date":"2023-07-25T17:20:34","date_gmt":"2023-07-25T17:20:34","guid":{"rendered":"https:\/\/borderjogos.suprahub.com.br\/?post_type=product&#038;p=15830"},"modified":"2023-07-26T15:46:01","modified_gmt":"2023-07-26T15:46:01","slug":"dungeons-drinks-cartas-promo","status":"publish","type":"product","link":"https:\/\/borderjogos.suprahub.com.br\/?product=dungeons-drinks-cartas-promo","title":{"rendered":"DUNGEONS &#038; DRINKS (+ CARTAS PROMO)"},"content":{"rendered":"<p class=\"p1\"><b>Idade: <\/b>18+<\/p>\n<p class=\"p1\"><b>Tempo: <\/b>45 min<\/p>\n<p class=\"p1\"><b>Jogadores: <\/b>2 a 6<\/p>\n<p class=\"p1\"><b>Idioma: <\/b>Portugu\u00eas<\/p>\n<p class=\"p2\">Um jogo em que os her\u00f3is bebem, os monstros bebem, voc\u00ea bebe e a masmorra roda!<\/p>\n<p class=\"p2\">Em <b>Dungeons &amp; Drinks <\/b>voc\u00ea \u00e9 um her\u00f3i <b>pingu\u00e7o <\/b>que entra com seus amigos numa masmorra cheia de perigos e monstros que n\u00e3o incomodavam ningu\u00e9m. Em cada partida os jogadores competem para ver quem \u00e9 o melhor bebendo e matando monstros indefesos.<\/p>\n<p class=\"p2\">Algo que seria muito simples&#8230; se os demais jogadores n\u00e3o estivessem lhe perturbando e lhe impedindo de cumprir seus planos.<\/p>\n<p class=\"p2\"><b>Componentes:<\/b><\/p>\n<ul class=\"ul1\">\n<li class=\"li4\">30 cartas de monstros<\/li>\n<li class=\"li4\">7 cartas de Chefe<\/li>\n<li class=\"li4\">38 cartas de Feiti\u00e7o<\/li>\n<li class=\"li4\">30 cartas de Bebedeira<\/li>\n<li class=\"li4\">6 Personagens<\/li>\n<li class=\"li4\">31 marcadores<\/li>\n<li class=\"li5\">1 manual<\/li>\n<\/ul>\n","protected":false},"excerpt":{"rendered":"<p>Um jogo em que os her\u00f3is bebem, os monstros bebem, voc\u00ea bebe e a masmorra roda!<\/p>\n","protected":false},"featured_media":15833,"comment_status":"open","ping_status":"closed","template":"","meta":[],"product_cat":[86,90,76,82,83,88,74,77],"product_tag":[],"class_list":{"0":"post-15830","1":"product","2":"type-product","3":"status-publish","4":"has-post-thumbnail","6":"product_cat-86","7":"product_cat-buro","8":"product_cat-card-games-cartas","9":"product_cat-competitivos","10":"product_cat-cooperativos","11":"product_cat-editoras","12":"product_cat-jogos","13":"product_cat-party-games","15":"first","16":"instock","17":"sale","18":"shipping-taxable","19":"purchasable","20":"product-type-simple"},"_links":{"self":[{"href":"https:\/\/borderjogos.suprahub.com.br\/index.php?rest_route=\/wp\/v2\/product\/15830","targetHints":{"allow":["GET"]}}],"collection":[{"href":"https:\/\/borderjogos.suprahub.com.br\/index.php?rest_route=\/wp\/v2\/product"}],"about":[{"href":"https:\/\/borderjogos.suprahub.com.br\/index.php?rest_route=\/wp\/v2\/types\/product"}],"replies":[{"embeddable":true,"href":"https:\/\/borderjogos.suprahub.com.br\/index.php?rest_route=%2Fwp%2Fv2%2Fcomments&post=15830"}],"version-history":[{"count":1,"href":"https:\/\/borderjogos.suprahub.com.br\/index.php?rest_route=\/wp\/v2\/product\/15830\/revisions"}],"predecessor-version":[{"id":15835,"href":"https:\/\/borderjogos.suprahub.com.br\/index.php?rest_route=\/wp\/v2\/product\/15830\/revisions\/15835"}],"wp:featuredmedia":[{"embeddable":true,"href":"https:\/\/borderjogos.suprahub.com.br\/index.php?rest_route=\/wp\/v2\/media\/15833"}],"wp:attachment":[{"href":"https:\/\/borderjogos.suprahub.com.br\/index.php?rest_route=%2Fwp%2Fv2%2Fmedia&parent=15830"}],"wp:term":[{"taxonomy":"product_cat","embeddable":true,"href":"https:\/\/borderjogos.suprahub.com.br\/index.php?rest_route=%2Fwp%2Fv2%2Fproduct_cat&post=15830"},{"taxonomy":"product_tag","embeddable":true,"href":"https:\/\/borderjogos.suprahub.com.br\/index.php?rest_route=%2Fwp%2Fv2%2Fproduct_tag&post=15830"}],"curies":[{"name":"wp","href":"https:\/\/api.w.org\/{rel}","templated":true}]}}