{"id":15843,"date":"2023-07-25T17:33:32","date_gmt":"2023-07-25T17:33:32","guid":{"rendered":"https:\/\/borderjogos.suprahub.com.br\/?post_type=product&#038;p=15843"},"modified":"2023-07-26T15:47:39","modified_gmt":"2023-07-26T15:47:39","slug":"fdp-foi-de-proposito-3-expansao","status":"publish","type":"product","link":"https:\/\/borderjogos.suprahub.com.br\/?product=fdp-foi-de-proposito-3-expansao","title":{"rendered":"FDP &#8211; FOI DE PROP\u00d3SITO 3 (Expans\u00e3o)"},"content":{"rendered":"<p class=\"p1\"><b>Idade: <\/b>18+<\/p>\n<p class=\"p1\"><b>Tempo: <\/b>60 min<\/p>\n<p class=\"p1\"><b>Jogadores: <\/b>4 a 12<\/p>\n<p class=\"p1\"><b>Idioma: <\/b>Portugu\u00eas<\/p>\n<p class=\"p2\"><b>Complete a frase: Um \u00e9 pouco, dois \u00e9 bom, tr\u00eas \u00e9 __________.<\/b><\/p>\n<p class=\"p2\">FDP 3 \u00e9 uma expans\u00e3o com 50 novas cartas para o conjunto b\u00e1sico de FDP. S\u00e3o 40 novas cartas brancas com respostas e 10 novas cartas pretas com perguntas que podem (e devem) ser misturadas com as cartas do conjunto b\u00e1sico de FDP.<\/p>\n<p class=\"p2\"><b>Este produto \u00e9 uma expans\u00e3o.<\/b> Voc\u00ea precisar\u00e1 da <span class=\"s1\">caixa completa de FDP<\/span> para usar a expans\u00e3o FDP 3.<\/p>\n<p class=\"p2\"><b>Componentes:<\/b><\/p>\n<ul class=\"ul1\">\n<li class=\"li3\">50 cartas<\/li>\n<\/ul>\n","protected":false},"excerpt":{"rendered":"<p>FDP 3 \u00e9 uma expans\u00e3o com 50 novas cartas para o conjunto b\u00e1sico de FDP. S\u00e3o 40 novas cartas brancas com respostas e 10 novas cartas pretas com perguntas que podem (e devem) ser misturadas com as cartas do conjunto b\u00e1sico de FDP.<\/p>\n","protected":false},"featured_media":15845,"comment_status":"open","ping_status":"closed","template":"","meta":[],"product_cat":[86,90,76,82,83,88,74,77],"product_tag":[],"class_list":{"0":"post-15843","1":"product","2":"type-product","3":"status-publish","4":"has-post-thumbnail","6":"product_cat-86","7":"product_cat-buro","8":"product_cat-card-games-cartas","9":"product_cat-competitivos","10":"product_cat-cooperativos","11":"product_cat-editoras","12":"product_cat-jogos","13":"product_cat-party-games","15":"first","16":"instock","17":"sale","18":"shipping-taxable","19":"purchasable","20":"product-type-simple"},"_links":{"self":[{"href":"https:\/\/borderjogos.suprahub.com.br\/index.php?rest_route=\/wp\/v2\/product\/15843","targetHints":{"allow":["GET"]}}],"collection":[{"href":"https:\/\/borderjogos.suprahub.com.br\/index.php?rest_route=\/wp\/v2\/product"}],"about":[{"href":"https:\/\/borderjogos.suprahub.com.br\/index.php?rest_route=\/wp\/v2\/types\/product"}],"replies":[{"embeddable":true,"href":"https:\/\/borderjogos.suprahub.com.br\/index.php?rest_route=%2Fwp%2Fv2%2Fcomments&post=15843"}],"version-history":[{"count":1,"href":"https:\/\/borderjogos.suprahub.com.br\/index.php?rest_route=\/wp\/v2\/product\/15843\/revisions"}],"predecessor-version":[{"id":15846,"href":"https:\/\/borderjogos.suprahub.com.br\/index.php?rest_route=\/wp\/v2\/product\/15843\/revisions\/15846"}],"wp:featuredmedia":[{"embeddable":true,"href":"https:\/\/borderjogos.suprahub.com.br\/index.php?rest_route=\/wp\/v2\/media\/15845"}],"wp:attachment":[{"href":"https:\/\/borderjogos.suprahub.com.br\/index.php?rest_route=%2Fwp%2Fv2%2Fmedia&parent=15843"}],"wp:term":[{"taxonomy":"product_cat","embeddable":true,"href":"https:\/\/borderjogos.suprahub.com.br\/index.php?rest_route=%2Fwp%2Fv2%2Fproduct_cat&post=15843"},{"taxonomy":"product_tag","embeddable":true,"href":"https:\/\/borderjogos.suprahub.com.br\/index.php?rest_route=%2Fwp%2Fv2%2Fproduct_tag&post=15843"}],"curies":[{"name":"wp","href":"https:\/\/api.w.org\/{rel}","templated":true}]}}