{"id":15857,"date":"2023-07-25T17:56:15","date_gmt":"2023-07-25T17:56:15","guid":{"rendered":"https:\/\/borderjogos.suprahub.com.br\/?post_type=product&#038;p=15857"},"modified":"2023-07-26T15:49:35","modified_gmt":"2023-07-26T15:49:35","slug":"nos-nao-testamos-este-troco","status":"publish","type":"product","link":"https:\/\/borderjogos.suprahub.com.br\/?product=nos-nao-testamos-este-troco","title":{"rendered":"N\u00d3S N\u00c3O TESTAMOS ESTE TRO\u00c7O"},"content":{"rendered":"<p class=\"p1\"><b>Idade: <\/b>12+<\/p>\n<p class=\"p1\"><b>Tempo: <\/b>10 min<\/p>\n<p class=\"p1\"><b>Jogadores: <\/b>2 a 10<\/p>\n<p class=\"p1\"><b>Idioma: <\/b>Portugu\u00eas<\/p>\n<p class=\"p3\">UM JOGO COMO VOC\u00ca&#8230; SE VOC\u00ca \u00c9 RID\u00cdCULO E SEM SENTIDO<\/p>\n<p class=\"p3\">&#8211; Todos compram duas cartas. Na sua vez, compre outra carta e escolha uma delas pra jogar, seguindo o que a carta escolhida manda voc\u00ea fazer.<\/p>\n<p class=\"p3\">&#8211; Se uma carta fizer com que voc\u00ea perca. Voc\u00ea perde! Se uma carta faz com que voc\u00ea ganhe, voc\u00ea ganha e logicamente, voc\u00ea n\u00e3o ganha se tiver perdido! Simples assim&#8230; ou n\u00e3o!<\/p>\n<p class=\"p3\">&#8211; NTT \u00e9 um jogo completamente absurdo e por isso, ideal para jogar em casa com a fam\u00edlia ou com seus amigos no bar.<\/p>\n<p class=\"p4\"><b>Componentes:<span class=\"Apple-converted-space\">\u00a0<\/span><\/b><\/p>\n<ul class=\"ul1\">\n<li class=\"li5\">94 cartas.<span class=\"Apple-converted-space\">\u00a0<\/span><\/li>\n<li class=\"li6\">Manual de regras<\/li>\n<\/ul>\n","protected":false},"excerpt":{"rendered":"<p class=\"p3\">UM JOGO COMO VOC\u00ca&#8230; SE VOC\u00ca \u00c9 RID\u00cdCULO E SEM SENTIDO<\/p>\n<p class=\"p3\">&#8211; Todos compram duas cartas. Na sua vez, compre outra carta e escolha uma delas pra jogar, seguindo o que a carta escolhida manda voc\u00ea fazer.<\/p>\n<p class=\"p3\">\n","protected":false},"featured_media":15858,"comment_status":"open","ping_status":"closed","template":"","meta":[],"product_cat":[86,90,76,82,83,88,74,77],"product_tag":[],"class_list":{"0":"post-15857","1":"product","2":"type-product","3":"status-publish","4":"has-post-thumbnail","6":"product_cat-86","7":"product_cat-buro","8":"product_cat-card-games-cartas","9":"product_cat-competitivos","10":"product_cat-cooperativos","11":"product_cat-editoras","12":"product_cat-jogos","13":"product_cat-party-games","15":"first","16":"instock","17":"sale","18":"shipping-taxable","19":"purchasable","20":"product-type-simple"},"_links":{"self":[{"href":"https:\/\/borderjogos.suprahub.com.br\/index.php?rest_route=\/wp\/v2\/product\/15857","targetHints":{"allow":["GET"]}}],"collection":[{"href":"https:\/\/borderjogos.suprahub.com.br\/index.php?rest_route=\/wp\/v2\/product"}],"about":[{"href":"https:\/\/borderjogos.suprahub.com.br\/index.php?rest_route=\/wp\/v2\/types\/product"}],"replies":[{"embeddable":true,"href":"https:\/\/borderjogos.suprahub.com.br\/index.php?rest_route=%2Fwp%2Fv2%2Fcomments&post=15857"}],"version-history":[{"count":1,"href":"https:\/\/borderjogos.suprahub.com.br\/index.php?rest_route=\/wp\/v2\/product\/15857\/revisions"}],"predecessor-version":[{"id":15860,"href":"https:\/\/borderjogos.suprahub.com.br\/index.php?rest_route=\/wp\/v2\/product\/15857\/revisions\/15860"}],"wp:featuredmedia":[{"embeddable":true,"href":"https:\/\/borderjogos.suprahub.com.br\/index.php?rest_route=\/wp\/v2\/media\/15858"}],"wp:attachment":[{"href":"https:\/\/borderjogos.suprahub.com.br\/index.php?rest_route=%2Fwp%2Fv2%2Fmedia&parent=15857"}],"wp:term":[{"taxonomy":"product_cat","embeddable":true,"href":"https:\/\/borderjogos.suprahub.com.br\/index.php?rest_route=%2Fwp%2Fv2%2Fproduct_cat&post=15857"},{"taxonomy":"product_tag","embeddable":true,"href":"https:\/\/borderjogos.suprahub.com.br\/index.php?rest_route=%2Fwp%2Fv2%2Fproduct_tag&post=15857"}],"curies":[{"name":"wp","href":"https:\/\/api.w.org\/{rel}","templated":true}]}}