{"id":15919,"date":"2023-07-26T16:35:34","date_gmt":"2023-07-26T16:35:34","guid":{"rendered":"https:\/\/borderjogos.suprahub.com.br\/?post_type=product&#038;p=15919"},"modified":"2023-07-26T16:35:34","modified_gmt":"2023-07-26T16:35:34","slug":"coatl","status":"publish","type":"product","link":"https:\/\/borderjogos.suprahub.com.br\/?product=coatl","title":{"rendered":"Coatl"},"content":{"rendered":"<p><span style=\"font-weight: 400;\">Chegou a hora de escolher o novo Alto Sacerdote Asteca. Para provar seu m\u00e9rito, os candidatos participam de um torneio de grande prest\u00edgio para impressionar os deuses. Construa as mais elegantes e mirabolantes esculturas de C\u00f3atl (A Serpente Plumada) para conquistar a vit\u00f3ria e o cobi\u00e7ado t\u00edtulo de Alto Sacerdote Asteca.<\/span><\/p>\n<p><span style=\"font-weight: 400;\">Um jogo familiar, acess\u00edvel para novos jogadores e estrat\u00e9gico para os mais experientes.<\/span><\/p>\n<h2><b>Componentes<\/b><\/h2>\n<ul>\n<li style=\"font-weight: 400;\" aria-level=\"1\"><span style=\"font-weight: 400;\">1 Tabuleiro de Estoque e Pontua\u00e7\u00e3o<\/span><\/li>\n<li style=\"font-weight: 400;\" aria-level=\"1\"><span style=\"font-weight: 400;\">4 Tabuleiros de Jogador<\/span><\/li>\n<li style=\"font-weight: 400;\" aria-level=\"1\"><span style=\"font-weight: 400;\">150 Pe\u00e7as de C\u00f3atl<\/span><\/li>\n<li style=\"font-weight: 400;\" aria-level=\"1\"><span style=\"font-weight: 400;\">3 Sacolas de Estoque<\/span><\/li>\n<li style=\"font-weight: 400;\" aria-level=\"1\"><span style=\"font-weight: 400;\">54 Cartas de Profecia (63\u00d788 mm)<\/span><\/li>\n<li style=\"font-weight: 400;\" aria-level=\"1\"><span style=\"font-weight: 400;\">15 Cartas de Templo (70x110mm)<\/span><\/li>\n<li style=\"font-weight: 400;\" aria-level=\"1\"><span style=\"font-weight: 400;\">12 Fichas de Sacrif\u00edcio<\/span><\/li>\n<li style=\"font-weight: 400;\" aria-level=\"1\"><span style=\"font-weight: 400;\">1 Marcador de Primeiro Jogador<\/span><\/li>\n<li style=\"font-weight: 400;\" aria-level=\"1\"><span style=\"font-weight: 400;\">1 Manual de Regras<\/span><\/li>\n<li style=\"font-weight: 400;\" aria-level=\"1\"><span style=\"font-weight: 400;\">1 Folha de Regras Solo<\/span><\/li>\n<\/ul>\n","protected":false},"excerpt":{"rendered":"<p><span style=\"font-weight: 400;\">Chegou a hora de escolher o novo Alto Sacerdote Asteca. Para provar seu m\u00e9rito, os candidatos participam de um torneio de grande prest\u00edgio para impressionar os deuses.<\/span><\/p>\n","protected":false},"featured_media":15920,"comment_status":"open","ping_status":"closed","template":"","meta":[],"product_cat":[75,82,88,96,74,80],"product_tag":[],"class_list":{"0":"post-15919","1":"product","2":"type-product","3":"status-publish","4":"has-post-thumbnail","6":"product_cat-boardgames-tabuleiro","7":"product_cat-competitivos","8":"product_cat-editoras","9":"product_cat-funbox","10":"product_cat-jogos","11":"product_cat-jogos-familia","13":"first","14":"instock","15":"shipping-taxable","16":"purchasable","17":"product-type-simple"},"_links":{"self":[{"href":"https:\/\/borderjogos.suprahub.com.br\/index.php?rest_route=\/wp\/v2\/product\/15919","targetHints":{"allow":["GET"]}}],"collection":[{"href":"https:\/\/borderjogos.suprahub.com.br\/index.php?rest_route=\/wp\/v2\/product"}],"about":[{"href":"https:\/\/borderjogos.suprahub.com.br\/index.php?rest_route=\/wp\/v2\/types\/product"}],"replies":[{"embeddable":true,"href":"https:\/\/borderjogos.suprahub.com.br\/index.php?rest_route=%2Fwp%2Fv2%2Fcomments&post=15919"}],"version-history":[{"count":1,"href":"https:\/\/borderjogos.suprahub.com.br\/index.php?rest_route=\/wp\/v2\/product\/15919\/revisions"}],"predecessor-version":[{"id":15923,"href":"https:\/\/borderjogos.suprahub.com.br\/index.php?rest_route=\/wp\/v2\/product\/15919\/revisions\/15923"}],"wp:featuredmedia":[{"embeddable":true,"href":"https:\/\/borderjogos.suprahub.com.br\/index.php?rest_route=\/wp\/v2\/media\/15920"}],"wp:attachment":[{"href":"https:\/\/borderjogos.suprahub.com.br\/index.php?rest_route=%2Fwp%2Fv2%2Fmedia&parent=15919"}],"wp:term":[{"taxonomy":"product_cat","embeddable":true,"href":"https:\/\/borderjogos.suprahub.com.br\/index.php?rest_route=%2Fwp%2Fv2%2Fproduct_cat&post=15919"},{"taxonomy":"product_tag","embeddable":true,"href":"https:\/\/borderjogos.suprahub.com.br\/index.php?rest_route=%2Fwp%2Fv2%2Fproduct_tag&post=15919"}],"curies":[{"name":"wp","href":"https:\/\/api.w.org\/{rel}","templated":true}]}}