{"id":15944,"date":"2023-07-26T19:00:49","date_gmt":"2023-07-26T19:00:49","guid":{"rendered":"https:\/\/borderjogos.suprahub.com.br\/?post_type=product&#038;p=15944"},"modified":"2023-07-26T19:00:49","modified_gmt":"2023-07-26T19:00:49","slug":"azul","status":"publish","type":"product","link":"https:\/\/borderjogos.suprahub.com.br\/?product=azul","title":{"rendered":"Azul"},"content":{"rendered":"<p><span style=\"font-weight: 400;\">Jogadores: 2 a 4<\/span><\/p>\n<p><span style=\"font-weight: 400;\">Idade: 14+<\/span><\/p>\n<p><span style=\"font-weight: 400;\">Tempo: 45 min<\/span><\/p>\n<p><span style=\"font-weight: 400;\">Idioma: Portugues<\/span><\/p>\n<h2><b>Descri\u00e7\u00e3o Completa<\/b><\/h2>\n<p><span style=\"font-weight: 400;\">Criados pelos Mouros, os azulejos (inicialmente pe\u00e7as de cer\u00e2mica em azul e branco) tiveram total ades\u00e3o pelos Portugueses quando seu rei Manuel I, em uma visita ao pal\u00e1cio de Alhambra no sul da Espanha, ficou fascinado pela perfei\u00e7\u00e3o deslumbrante da cer\u00e2mica mourisca. O rei, boquiaberto diante da beleza do interior de Alhambra, imediatamente ordenou que seu pr\u00f3prio pal\u00e1cio em Portugal tivesse as paredes decoradas com azulejos semelhantes.<\/span><\/p>\n<p><span style=\"font-weight: 400;\">Azul foi concebido pelo famoso e premiado game designer Michael Kiesling. O jogo captura a bela est\u00e9tica da arte moura num jogo de tabuleiro contempor\u00e2neo. De 2 a 4 jogadores competem como artes\u00e3os, decorando as paredes do Pal\u00e1cio Real de Evora. Escolhendo com cuidado a quantidade e estilo corretos de azulejos, os artes\u00e3os mais astutos planejam suas paredes para maximizar a beleza de seu trabalho (sem contar suas pontua\u00e7\u00f5es!), enquanto tentam garantir que nenhum recurso seja perdido no processo.<\/span><\/p>\n<p><span style=\"font-weight: 400;\">Lan\u00e7ado em 2018, Azul se tornou um dos jogos mais populares do ano, vencendo inclusive o maior pr\u00eamio de jogo do ano do mundo, o prestigiado Spiel des Jahres.<\/span><\/p>\n<h2><b>Lista de componentes<\/b><\/h2>\n<p><span style=\"font-weight: 400;\">100 Azulejos de Resina<\/span><span style=\"font-weight: 400;\"><br \/>\n<\/span><span style=\"font-weight: 400;\">4 Tabuleiros de Jogador <\/span><span style=\"font-weight: 400;\"><br \/>\n<\/span><span style=\"font-weight: 400;\">9 Expositores de F\u00e1brica<\/span><span style=\"font-weight: 400;\"><br \/>\n<\/span><span style=\"font-weight: 400;\">4 Marcadores de Pontua\u00e7\u00e3o<\/span><span style=\"font-weight: 400;\"><br \/>\n<\/span><span style=\"font-weight: 400;\">1 Marcador de primeiro jogador<\/span><span style=\"font-weight: 400;\"><br \/>\n<\/span><span style=\"font-weight: 400;\">1 Saco de tecido<\/span><span style=\"font-weight: 400;\"><br \/>\n<\/span><span style=\"font-weight: 400;\">1 Livro de Regras<\/span><\/p>\n","protected":false},"excerpt":{"rendered":"<p><span style=\"font-weight: 400;\">Criados pelos Mouros, os azulejos (inicialmente pe\u00e7as de cer\u00e2mica em azul e branco) tiveram total ades\u00e3o pelos Portugueses quando seu rei Manuel I, em uma visita ao pal\u00e1cio de Alhambra no sul da Espanha, ficou fascinado pela perfei\u00e7\u00e3o deslumbrante da cer\u00e2mica mourisca. <\/span><\/p>\n","protected":false},"featured_media":15946,"comment_status":"open","ping_status":"closed","template":"","meta":[],"product_cat":[75,82,88,89,74,79],"product_tag":[],"class_list":{"0":"post-15944","1":"product","2":"type-product","3":"status-publish","4":"has-post-thumbnail","6":"product_cat-boardgames-tabuleiro","7":"product_cat-competitivos","8":"product_cat-editoras","9":"product_cat-galapagos","10":"product_cat-jogos","11":"product_cat-jogos-para-dois","13":"first","14":"instock","15":"sale","16":"shipping-taxable","17":"purchasable","18":"product-type-simple"},"_links":{"self":[{"href":"https:\/\/borderjogos.suprahub.com.br\/index.php?rest_route=\/wp\/v2\/product\/15944","targetHints":{"allow":["GET"]}}],"collection":[{"href":"https:\/\/borderjogos.suprahub.com.br\/index.php?rest_route=\/wp\/v2\/product"}],"about":[{"href":"https:\/\/borderjogos.suprahub.com.br\/index.php?rest_route=\/wp\/v2\/types\/product"}],"replies":[{"embeddable":true,"href":"https:\/\/borderjogos.suprahub.com.br\/index.php?rest_route=%2Fwp%2Fv2%2Fcomments&post=15944"}],"version-history":[{"count":1,"href":"https:\/\/borderjogos.suprahub.com.br\/index.php?rest_route=\/wp\/v2\/product\/15944\/revisions"}],"predecessor-version":[{"id":15950,"href":"https:\/\/borderjogos.suprahub.com.br\/index.php?rest_route=\/wp\/v2\/product\/15944\/revisions\/15950"}],"wp:featuredmedia":[{"embeddable":true,"href":"https:\/\/borderjogos.suprahub.com.br\/index.php?rest_route=\/wp\/v2\/media\/15946"}],"wp:attachment":[{"href":"https:\/\/borderjogos.suprahub.com.br\/index.php?rest_route=%2Fwp%2Fv2%2Fmedia&parent=15944"}],"wp:term":[{"taxonomy":"product_cat","embeddable":true,"href":"https:\/\/borderjogos.suprahub.com.br\/index.php?rest_route=%2Fwp%2Fv2%2Fproduct_cat&post=15944"},{"taxonomy":"product_tag","embeddable":true,"href":"https:\/\/borderjogos.suprahub.com.br\/index.php?rest_route=%2Fwp%2Fv2%2Fproduct_tag&post=15944"}],"curies":[{"name":"wp","href":"https:\/\/api.w.org\/{rel}","templated":true}]}}