{"id":15990,"date":"2023-07-26T20:15:06","date_gmt":"2023-07-26T20:15:06","guid":{"rendered":"https:\/\/borderjogos.suprahub.com.br\/?post_type=product&#038;p=15990"},"modified":"2023-07-26T20:15:06","modified_gmt":"2023-07-26T20:15:06","slug":"dixit-odyssey","status":"publish","type":"product","link":"https:\/\/borderjogos.suprahub.com.br\/?product=dixit-odyssey","title":{"rendered":"Dixit Odyssey"},"content":{"rendered":"<p><span style=\"font-weight: 400;\">Idade: 8+<\/span><\/p>\n<p><span style=\"font-weight: 400;\">N\u00famero de jogadores: 3 &#8211; 12<\/span><\/p>\n<p><span style=\"font-weight: 400;\">Tempo: 30 min<\/span><\/p>\n<p><span style=\"font-weight: 400;\">Idioma: Portugu\u00eas<\/span><\/p>\n<p><span style=\"font-weight: 400;\">Tamanho: 6x28x28 cm<\/span><\/p>\n<p><span style=\"font-weight: 400;\">Peso: 0.9 kg<\/span><\/p>\n<p><b>Descri\u00e7\u00e3o completa<\/b><\/p>\n<p><span style=\"font-weight: 400;\">Dixit Odyssey \u00e9 um novo jogo-base dentro da linha Dixit, que tamb\u00e9m pode ser utilizado como expans\u00e3o para o jogo original, vencedor do Spiel des Jahres 2010, pr\u00eamio mais importante do mercado de jogos de tabuleiro.<\/span><\/p>\n<p><span style=\"font-weight: 400;\">Nesta nova vers\u00e3o, o n\u00famero m\u00e1ximo de participantes foi dobrado, e voc\u00ea conseguir\u00e1 convidar at\u00e9 12 jogadores para a mesa, tentando decifrar as bel\u00edssimas e enigm\u00e1ticas ilustra\u00e7\u00f5es do jogo, enquanto buscam a vit\u00f3ria ao elaborar as dicas mais inteligentes sobre as cartas em suas m\u00e3os.<\/span><\/p>\n<p><span style=\"font-weight: 400;\">As regras b\u00e1sicas s\u00e3o as mesmas do jogo original, mas alguns componentes foram substitu\u00eddos para facilitar as vota\u00e7\u00f5es e a marca\u00e7\u00e3o de pontos para o n\u00famero elevado de jogadores que o jogo comporta. Essa substitui\u00e7\u00e3o de componentes tamb\u00e9m abre espa\u00e7o para dois novos modos de jogo, Dixit Party e Dixit em Times, com regras originais que deixam os jogos com 6 a 12 jogadores muito mais emocionantes e din\u00e2micos!<\/span><\/p>\n<p><span style=\"font-weight: 400;\">O jogo tamb\u00e9m acompanha, \u00e9 claro, 84 novas cartas em tamanho gigante, j\u00e1 not\u00f3rias em todas as expans\u00f5es. Desta vez, as ilustra\u00e7\u00f5es foram assinadas pelo artista Pier\u00f4, e coloridas uma a uma por Marie Carduat, artista respons\u00e1vel pelas ilustra\u00e7\u00f5es do jogo original e da expans\u00e3o Quest.<\/span><\/p>\n<p><span style=\"font-weight: 400;\">Dixid Odyssey traz toda a magia e encantamento de Dixit e mais, uma experi\u00eancia familiar, mas inovadora, para jogadores experientes e gamers de primeira viagem.<\/span><\/p>\n<p><b>Lista de componentes<\/b><\/p>\n<p><span style=\"font-weight: 400;\">84 Cartas de ilustra\u00e7\u00e3o <\/span><span style=\"font-weight: 400;\"><br \/>\n<\/span><span style=\"font-weight: 400;\">1 Trilha de pontos<\/span><span style=\"font-weight: 400;\"><br \/>\n<\/span><span style=\"font-weight: 400;\">12 Cartelas de vota\u00e7\u00e3o<\/span><span style=\"font-weight: 400;\"><br \/>\n<\/span><span style=\"font-weight: 400;\">24 Pinos de Vota\u00e7\u00e3o<\/span><span style=\"font-weight: 400;\"><br \/>\n<\/span><span style=\"font-weight: 400;\">12 Coelhos em madeira<\/span><span style=\"font-weight: 400;\"><br \/>\n<\/span><span style=\"font-weight: 400;\">1 Livro de Regras<\/span><\/p>\n<p>&nbsp;<\/p>\n","protected":false},"excerpt":{"rendered":"<p><span style=\"font-weight: 400;\">Dixit Odyssey \u00e9 um novo jogo-base dentro da linha Dixit, que tamb\u00e9m pode ser utilizado como expans\u00e3o para o jogo original, vencedor do Spiel des Jahres 2010, pr\u00eamio mais importante do mercado de jogos de tabuleiro.<\/span><\/p>\n","protected":false},"featured_media":15991,"comment_status":"open","ping_status":"closed","template":"","meta":[],"product_cat":[76,82,88,89,74,80,78],"product_tag":[],"class_list":{"0":"post-15990","1":"product","2":"type-product","3":"status-publish","4":"has-post-thumbnail","6":"product_cat-card-games-cartas","7":"product_cat-competitivos","8":"product_cat-editoras","9":"product_cat-galapagos","10":"product_cat-jogos","11":"product_cat-jogos-familia","12":"product_cat-jogos-para-criancas","14":"first","15":"instock","16":"shipping-taxable","17":"purchasable","18":"product-type-simple"},"_links":{"self":[{"href":"https:\/\/borderjogos.suprahub.com.br\/index.php?rest_route=\/wp\/v2\/product\/15990","targetHints":{"allow":["GET"]}}],"collection":[{"href":"https:\/\/borderjogos.suprahub.com.br\/index.php?rest_route=\/wp\/v2\/product"}],"about":[{"href":"https:\/\/borderjogos.suprahub.com.br\/index.php?rest_route=\/wp\/v2\/types\/product"}],"replies":[{"embeddable":true,"href":"https:\/\/borderjogos.suprahub.com.br\/index.php?rest_route=%2Fwp%2Fv2%2Fcomments&post=15990"}],"version-history":[{"count":1,"href":"https:\/\/borderjogos.suprahub.com.br\/index.php?rest_route=\/wp\/v2\/product\/15990\/revisions"}],"predecessor-version":[{"id":15996,"href":"https:\/\/borderjogos.suprahub.com.br\/index.php?rest_route=\/wp\/v2\/product\/15990\/revisions\/15996"}],"wp:featuredmedia":[{"embeddable":true,"href":"https:\/\/borderjogos.suprahub.com.br\/index.php?rest_route=\/wp\/v2\/media\/15991"}],"wp:attachment":[{"href":"https:\/\/borderjogos.suprahub.com.br\/index.php?rest_route=%2Fwp%2Fv2%2Fmedia&parent=15990"}],"wp:term":[{"taxonomy":"product_cat","embeddable":true,"href":"https:\/\/borderjogos.suprahub.com.br\/index.php?rest_route=%2Fwp%2Fv2%2Fproduct_cat&post=15990"},{"taxonomy":"product_tag","embeddable":true,"href":"https:\/\/borderjogos.suprahub.com.br\/index.php?rest_route=%2Fwp%2Fv2%2Fproduct_tag&post=15990"}],"curies":[{"name":"wp","href":"https:\/\/api.w.org\/{rel}","templated":true}]}}