{"id":16038,"date":"2023-08-02T20:05:15","date_gmt":"2023-08-02T20:05:15","guid":{"rendered":"https:\/\/borderjogos.suprahub.com.br\/?post_type=product&#038;p=16038"},"modified":"2023-08-02T20:05:16","modified_gmt":"2023-08-02T20:05:16","slug":"harry-potter-estupefaca","status":"publish","type":"product","link":"https:\/\/borderjogos.suprahub.com.br\/?product=harry-potter-estupefaca","title":{"rendered":"Harry Potter: Estupefa\u00e7a!"},"content":{"rendered":"<p><b>N\u00famero de jogadores: 4 &#8211; 8<\/b><\/p>\n<p><b>Idade: 8+<\/b><\/p>\n<p><b>Tempo: 30 min<\/b><\/p>\n<p><b>idioma: Portugu\u00eas<\/b><\/p>\n<p><b>Tamanho: 8x29x29 cm<\/b><\/p>\n<p><b>Peso: 1.1 kg<\/b><\/p>\n<p>&nbsp;<\/p>\n<p><b>Descri\u00e7\u00e3o completa<\/b><\/p>\n<p><span style=\"font-weight: 400;\">Jogue com seus amigos representado uma das 4 casas de Hogwarts! Entre blefes e sorte, o objetivo da partida \u00e9 simples: acumular o m\u00e1ximo de pontos poss\u00edvel pra sua casa por meio de recompensas de duelos bruxos, disputadas ao longo de 8 rodadas.<\/span><\/p>\n<p><span style=\"font-weight: 400;\">No come\u00e7o do jogo, os jogadores recebem cartas de feiti\u00e7o &#8211; que podem ser um Estupefa\u00e7a! Ou&#8230; Apenas uma carta blefe. A cada rodada, os bruxos escolhem uma das cartas de feiti\u00e7o em suas m\u00e3os Depois, simultaneamente, apontam suas varinhas para qualquer oponente e revelam as cartas.<\/span><\/p>\n<p><span style=\"font-weight: 400;\">Os bruxos que sa\u00edrem ilesos dos duelos ganham recompensas do centro da mesa, que podem ser desde cartas de feiti\u00e7o, Vira-Tempos (para recuperar o tempo depois de ser atacado m\u00faltiplas vezes) at\u00e9 de Po\u00e7\u00f5es e Favores dos professores de Hogwarts (que valem pontos para as Casas). Quem ser\u00e1 o melhor bruxo de Hogwarts?<\/span><\/p>\n<p><b>Lista de componentes<\/b><\/p>\n<p><span style=\"font-weight: 400;\">1 Tabuleiro<\/span><span style=\"font-weight: 400;\"><br \/>\n<\/span><span style=\"font-weight: 400;\">8 Varinhas<\/span><span style=\"font-weight: 400;\"><br \/>\n<\/span><span style=\"font-weight: 400;\">9 Marcadores de estandarte<\/span><span style=\"font-weight: 400;\"><br \/>\n<\/span><span style=\"font-weight: 400;\">1 Marcador de favorito<\/span><span style=\"font-weight: 400;\"><br \/>\n<\/span><span style=\"font-weight: 400;\">142 Cartas<\/span><span style=\"font-weight: 400;\"><br \/>\n<\/span><span style=\"font-weight: 400;\">24 Fichas<\/span><span style=\"font-weight: 400;\"><br \/>\n<\/span><span style=\"font-weight: 400;\">10 Suporte pl\u00e1stico<\/span><span style=\"font-weight: 400;\"><br \/>\n<\/span><span style=\"font-weight: 400;\">1 Livro de regras<\/span><\/p>\n","protected":false},"excerpt":{"rendered":"<p><span style=\"font-weight: 400;\">Jogue com seus amigos representado uma das 4 casas de Hogwarts! Entre blefes e sorte, o objetivo da partida \u00e9 simples: acumular o m\u00e1ximo de pontos poss\u00edvel pra sua casa por meio de recompensas de duelos bruxos, disputadas ao longo de 8 rodadas.<\/span><\/p>\n","protected":false},"featured_media":16039,"comment_status":"open","ping_status":"closed","template":"","meta":[],"product_cat":[82,88,89,74,80,78,77],"product_tag":[],"class_list":{"0":"post-16038","1":"product","2":"type-product","3":"status-publish","4":"has-post-thumbnail","6":"product_cat-competitivos","7":"product_cat-editoras","8":"product_cat-galapagos","9":"product_cat-jogos","10":"product_cat-jogos-familia","11":"product_cat-jogos-para-criancas","12":"product_cat-party-games","14":"first","15":"instock","16":"shipping-taxable","17":"purchasable","18":"product-type-simple"},"_links":{"self":[{"href":"https:\/\/borderjogos.suprahub.com.br\/index.php?rest_route=\/wp\/v2\/product\/16038","targetHints":{"allow":["GET"]}}],"collection":[{"href":"https:\/\/borderjogos.suprahub.com.br\/index.php?rest_route=\/wp\/v2\/product"}],"about":[{"href":"https:\/\/borderjogos.suprahub.com.br\/index.php?rest_route=\/wp\/v2\/types\/product"}],"replies":[{"embeddable":true,"href":"https:\/\/borderjogos.suprahub.com.br\/index.php?rest_route=%2Fwp%2Fv2%2Fcomments&post=16038"}],"version-history":[{"count":1,"href":"https:\/\/borderjogos.suprahub.com.br\/index.php?rest_route=\/wp\/v2\/product\/16038\/revisions"}],"predecessor-version":[{"id":16044,"href":"https:\/\/borderjogos.suprahub.com.br\/index.php?rest_route=\/wp\/v2\/product\/16038\/revisions\/16044"}],"wp:featuredmedia":[{"embeddable":true,"href":"https:\/\/borderjogos.suprahub.com.br\/index.php?rest_route=\/wp\/v2\/media\/16039"}],"wp:attachment":[{"href":"https:\/\/borderjogos.suprahub.com.br\/index.php?rest_route=%2Fwp%2Fv2%2Fmedia&parent=16038"}],"wp:term":[{"taxonomy":"product_cat","embeddable":true,"href":"https:\/\/borderjogos.suprahub.com.br\/index.php?rest_route=%2Fwp%2Fv2%2Fproduct_cat&post=16038"},{"taxonomy":"product_tag","embeddable":true,"href":"https:\/\/borderjogos.suprahub.com.br\/index.php?rest_route=%2Fwp%2Fv2%2Fproduct_tag&post=16038"}],"curies":[{"name":"wp","href":"https:\/\/api.w.org\/{rel}","templated":true}]}}